{"id":685,"date":"2019-02-01T17:42:55","date_gmt":"2019-02-01T15:42:55","guid":{"rendered":"http:\/\/arzon.se\/?page_id=685"},"modified":"2026-04-15T02:42:17","modified_gmt":"2026-04-15T00:42:17","slug":"nyheter","status":"publish","type":"page","link":"https:\/\/dev.idealis.nu\/tw23c\/nyheter\/","title":{"rendered":"Nyheter"},"content":{"rendered":"\n<div class=\"wp-block-query is-layout-flow wp-block-query-is-layout-flow\"><ul class=\"wp-block-post-template is-layout-flow wp-block-post-template-is-layout-flow\"><li class=\"wp-block-post post-1583 post type-post status-publish format-standard has-post-thumbnail hentry category-nyhetsflode\">\n<h2 class=\"wp-block-post-title\"><a href=\"https:\/\/dev.idealis.nu\/tw23c\/foretaget-ab\/\" target=\"_self\" >V\u00e4lkommen till v\u00e5r nya hemsida<\/a><\/h2>\n\n<div class=\"wp-block-post-date\"><time datetime=\"2025-10-05T23:59:47+02:00\">2025-10-05<\/time><\/div>\n\n<figure class=\"alignwide wp-block-post-featured-image\"><a href=\"https:\/\/dev.idealis.nu\/tw23c\/foretaget-ab\/\" target=\"_self\"  ><img loading=\"lazy\" decoding=\"async\" width=\"640\" height=\"427\" src=\"https:\/\/dev.idealis.nu\/tw23c\/wp-content\/uploads\/2025\/05\/excavator-2436217_640.jpg\" class=\"attachment-post-thumbnail size-post-thumbnail wp-post-image\" alt=\"V\u00e4lkommen till v\u00e5r nya hemsida\" style=\"object-fit:cover;\" srcset=\"https:\/\/dev.idealis.nu\/tw23c\/wp-content\/uploads\/2025\/05\/excavator-2436217_640.jpg 640w, https:\/\/dev.idealis.nu\/tw23c\/wp-content\/uploads\/2025\/05\/excavator-2436217_640-300x200.jpg 300w\" sizes=\"auto, (max-width: 640px) 100vw, 640px\" \/><\/a><\/figure>\n\n<div class=\"wp-block-post-excerpt\"><p class=\"wp-block-post-excerpt__excerpt\">V\u00e4lkommen till v\u00e5r nya hemsida. Vi erbjuder professionella tj\u00e4nster anpassade efter dina behov \u2013 oavsett om du \u00e4r privatperson, f\u00f6retag eller organisation. V\u00e5rt m\u00e5l \u00e4r att alltid leverera h\u00f6g kvalitet, tydlig kommunikation och h\u00e5llbara resultat. Med l\u00e5ng erfarenhet i branschen vet vi vad som kr\u00e4vs f\u00f6r att skapa v\u00e4rde f\u00f6r v\u00e5ra kunder, och vi str\u00e4var&hellip; <\/p><\/div>\n\n\n<hr class=\"wp-block-separator has-css-opacity\"\/>\n\n<\/li><\/ul><\/div>\n","protected":false},"excerpt":{"rendered":"","protected":false},"author":2,"featured_media":0,"parent":0,"menu_order":0,"comment_status":"closed","ping_status":"closed","template":"","meta":{"footnotes":""},"class_list":["post-685","page","type-page","status-publish","hentry"],"_links":{"self":[{"href":"https:\/\/dev.idealis.nu\/tw23c\/wp-json\/wp\/v2\/pages\/685","targetHints":{"allow":["GET"]}}],"collection":[{"href":"https:\/\/dev.idealis.nu\/tw23c\/wp-json\/wp\/v2\/pages"}],"about":[{"href":"https:\/\/dev.idealis.nu\/tw23c\/wp-json\/wp\/v2\/types\/page"}],"author":[{"embeddable":true,"href":"https:\/\/dev.idealis.nu\/tw23c\/wp-json\/wp\/v2\/users\/2"}],"replies":[{"embeddable":true,"href":"https:\/\/dev.idealis.nu\/tw23c\/wp-json\/wp\/v2\/comments?post=685"}],"version-history":[{"count":4,"href":"https:\/\/dev.idealis.nu\/tw23c\/wp-json\/wp\/v2\/pages\/685\/revisions"}],"predecessor-version":[{"id":1592,"href":"https:\/\/dev.idealis.nu\/tw23c\/wp-json\/wp\/v2\/pages\/685\/revisions\/1592"}],"wp:attachment":[{"href":"https:\/\/dev.idealis.nu\/tw23c\/wp-json\/wp\/v2\/media?parent=685"}],"curies":[{"name":"wp","href":"https:\/\/api.w.org\/{rel}","templated":true}]}}