{"id":133,"date":"2024-04-29T14:57:34","date_gmt":"2024-04-29T14:57:34","guid":{"rendered":"https:\/\/dev.idealis.nu\/tw23a\/?page_id=133"},"modified":"2024-04-29T18:19:40","modified_gmt":"2024-04-29T16:19:40","slug":"historia","status":"publish","type":"page","link":"https:\/\/dev.idealis.nu\/tw23a\/historia\/","title":{"rendered":"Historia"},"content":{"rendered":"\n<p>V\u00e5r f\u00f6rening har funnits l\u00e4nge och v\u00e4l. Den startades f\u00f6r m\u00e5nga \u00e5r sedan om n\u00e5gon person. Idag k\u00f6r vi p\u00e5 som aldrig f\u00f6rr och ser framtiden an med tillf\u00f6rsikt. Engagerade du ocks\u00e5, h\u00f6r av dig till oss via kontakt-sidan.<\/p>\n\n\n\n<figure class=\"wp-block-image size-full\"><img loading=\"lazy\" decoding=\"async\" width=\"640\" height=\"427\" src=\"https:\/\/dev.idealis.nu\/tw23a\/wp-content\/uploads\/2024\/04\/old-letters-436501_640-resized.jpg\" alt=\"\" class=\"wp-image-135\" srcset=\"https:\/\/dev.idealis.nu\/tw23a\/wp-content\/uploads\/2024\/04\/old-letters-436501_640-resized.jpg 640w, https:\/\/dev.idealis.nu\/tw23a\/wp-content\/uploads\/2024\/04\/old-letters-436501_640-resized-300x200.jpg 300w\" sizes=\"auto, (max-width: 640px) 100vw, 640px\" \/><\/figure>\n","protected":false},"excerpt":{"rendered":"<p>V\u00e5r f\u00f6rening har funnits l\u00e4nge och v\u00e4l. Den startades f\u00f6r m\u00e5nga \u00e5r sedan om n\u00e5gon person. Idag k\u00f6r vi p\u00e5 som aldrig f\u00f6rr och ser framtiden an med tillf\u00f6rsikt. Engagerade du ocks\u00e5, h\u00f6r av dig till oss via kontakt-sidan.<\/p>\n","protected":false},"author":1,"featured_media":0,"parent":0,"menu_order":0,"comment_status":"closed","ping_status":"closed","template":"","meta":{"footnotes":""},"class_list":["post-133","page","type-page","status-publish","hentry"],"_links":{"self":[{"href":"https:\/\/dev.idealis.nu\/tw23a\/wp-json\/wp\/v2\/pages\/133","targetHints":{"allow":["GET"]}}],"collection":[{"href":"https:\/\/dev.idealis.nu\/tw23a\/wp-json\/wp\/v2\/pages"}],"about":[{"href":"https:\/\/dev.idealis.nu\/tw23a\/wp-json\/wp\/v2\/types\/page"}],"author":[{"embeddable":true,"href":"https:\/\/dev.idealis.nu\/tw23a\/wp-json\/wp\/v2\/users\/1"}],"replies":[{"embeddable":true,"href":"https:\/\/dev.idealis.nu\/tw23a\/wp-json\/wp\/v2\/comments?post=133"}],"version-history":[{"count":2,"href":"https:\/\/dev.idealis.nu\/tw23a\/wp-json\/wp\/v2\/pages\/133\/revisions"}],"predecessor-version":[{"id":136,"href":"https:\/\/dev.idealis.nu\/tw23a\/wp-json\/wp\/v2\/pages\/133\/revisions\/136"}],"wp:attachment":[{"href":"https:\/\/dev.idealis.nu\/tw23a\/wp-json\/wp\/v2\/media?parent=133"}],"curies":[{"name":"wp","href":"https:\/\/api.w.org\/{rel}","templated":true}]}}